{"id":14,"date":"2025-03-07T15:50:34","date_gmt":"2025-03-07T14:50:34","guid":{"rendered":"https:\/\/www.bibliocharlesbertin.be\/?page_id=14"},"modified":"2025-09-24T14:30:23","modified_gmt":"2025-09-24T12:30:23","slug":"horaire","status":"publish","type":"page","link":"https:\/\/www.bibliocharlesbertin.be\/index.php\/horaire\/","title":{"rendered":"R\u00e8glement"},"content":{"rendered":"<div class=\"wpb-content-wrapper\"><p>[vc_row][vc_column][vc_custom_heading text=\u00a0\u00bbACC\u00c8S ET INSCRIPTION\u00a0\u00bb css=\u00a0\u00bb\u00a0\u00bb][vc_column_text css=\u00a0\u00bb\u00a0\u00bb]<\/p>\n<p class=\"western\" align=\"JUSTIFY\"><u>Article 1<\/u><\/p>\n<p align=\"JUSTIFY\">La Biblioth\u00e8que Charles Bertin est ouverte \u00e0 tous.<\/p>\n<p class=\"western\" align=\"JUSTIFY\"><u>Article 2<\/u><\/p>\n<p align=\"JUSTIFY\">L\u2019inscription obligatoire s\u2019\u00e9l\u00e8ve \u00e0 10\u00a0\u20ac\u00a0par famille\u00a0; elle est \u00e9tablie sur pr\u00e9sentation de la carte d\u2019identit\u00e9 et est valable\u00a0un an.<\/p>\n<p class=\"western\" align=\"JUSTIFY\"><u>Article 3<\/u><\/p>\n<p align=\"JUSTIFY\">L\u2019inscription donne acc\u00e8s \u00e0 l\u2019emprunt de livres, le droit d\u2019assister aux animations propos\u00e9es \u00e0 la biblioth\u00e8que, et \u00e0 l&rsquo;utilisation du wifi et des outils multim\u00e9dias.<\/p>\n<p class=\"western\">JOURS ET HEURES D\u2019OUVERTURE<\/p>\n<p class=\"western\" align=\"JUSTIFY\"><u>Article 4<\/u><\/p>\n<p align=\"JUSTIFY\">Les jours et heures d\u2019ouverture sont les suivants\u00a0:<\/p>\n<p align=\"JUSTIFY\"><strong>Mardi de 14h \u00e0 18h<\/strong><\/p>\n<p align=\"JUSTIFY\"><strong>Mercredi de 14h \u00e0 18h<\/strong><\/p>\n<p align=\"JUSTIFY\"><strong>Jeudi de 14h \u00e0 18h<\/strong><\/p>\n<p align=\"JUSTIFY\"><strong>Samedi de 10h \u00e0 12h30<\/strong><\/p>\n<p class=\"western\" align=\"JUSTIFY\"><strong>Dimanche de 10h \u00e0 12h30<\/strong><\/p>\n<p align=\"JUSTIFY\">Afin d\u2019assurer le respect des horaires pr\u00e9vus, les lecteurs sont pri\u00e9s de se pr\u00e9senter quinze minutes au moins avant l\u2019heure de fermeture.<\/p>\n<p class=\"western\" align=\"JUSTIFY\"><u>Article 5<\/u><\/p>\n<p align=\"JUSTIFY\">La biblioth\u00e8que est ferm\u00e9e les jours f\u00e9ri\u00e9s l\u00e9gaux, la veille de No\u00ebl et celle du Nouvel An, les lundis de P\u00e2ques et de Pentec\u00f4te, ainsi que deux semaines durant les vacances d&rsquo;\u00e9t\u00e9.<\/p>\n<p class=\"western\">PR\u00caT<\/p>\n<p class=\"western\" align=\"JUSTIFY\"><u>Article 6<\/u><\/p>\n<p align=\"JUSTIFY\">Chaque lecteur est autoris\u00e9 \u00e0 emprunter un maximum de 10 ouvrages.<\/p>\n<p class=\"western\" align=\"JUSTIFY\"><u>Article 7<\/u><\/p>\n<p align=\"JUSTIFY\">Le pr\u00eat est consenti pour une dur\u00e9e de\u00a0<i>deux semaines<\/i>, moyennant une redevance par volume se montant \u00e0\u00a0:<\/p>\n<p align=\"JUSTIFY\"><u>Section jeunesse<\/u> : 0,20 \u20ac ou 0.50 \u20ac<\/p>\n<p align=\"JUSTIFY\"><u>Section adultes<\/u>\u00a0: 0,50 \u20ac,\u00a01\u20ac ou 2\u20ac (selon les livres)<\/p>\n<p align=\"JUSTIFY\">La prolongation du pr\u00eat est possible, par t\u00e9l\u00e9phone ou par courriel, \u00e0 condition que le livre ne soit pas r\u00e9serv\u00e9 par un autre lecteur.<\/p>\n<p class=\"western\">RAPPELS ET AMENDES<\/p>\n<p class=\"western\" align=\"JUSTIFY\">Article 8<\/p>\n<p align=\"JUSTIFY\">Les livres non rentr\u00e9s \u00e0 l\u2019expiration de la dur\u00e9e du pr\u00eat sont grev\u00e9s d\u2019une amende de 0.10\u20ac par jour et par livre en retard.<\/p>\n<p class=\"western\" align=\"JUSTIFY\"><u>Article 9<\/u><\/p>\n<p align=\"JUSTIFY\">Des courriers de rappel sont envoy\u00e9es \u00e0 tout lecteur retardataire. Les frais administratifs sont \u00e0 charge du lecteur. Apr\u00e8s 4 rappels, si le lecteur est toujours d\u00e9faillant, nous proc\u00e9derons au rachat des ouvrages aux frais de ce dernier.<\/p>\n<p class=\"western\" align=\"JUSTIFY\"><u>Article 10<\/u><\/p>\n<p align=\"JUSTIFY\">Apr\u00e8s 4 rappels, et tant que la situation du lecteur n\u2019est pas r\u00e9gularis\u00e9e, il se voit refuser l\u2019acc\u00e8s \u00e0 la biblioth\u00e8que.<\/p>\n<p class=\"western\">PHOTOCOPIES<\/p>\n<p class=\"western\" align=\"JUSTIFY\"><u>Article 11<\/u><\/p>\n<p align=\"JUSTIFY\">Moyennant une redevance de 0,15 \u20ac par A4 et de 0,25 \u20ac par A3, les lecteurs peuvent demander au personnel de la biblioth\u00e8que de proc\u00e9der aux photocopies en noir et blanc qu\u2019ils souhaitent. Cette redevance s&rsquo;\u00e9l\u00e8ve \u00e0 0,50 et 1\u20ac en cas de photocopies en couleurs. Ces derni\u00e8res ne peuvent concerner que les documents provenant de la biblioth\u00e8que.<\/p>\n<p class=\"western\">DISPOSITIONS G\u00c9N\u00c9RALES<\/p>\n<p class=\"western\" align=\"JUSTIFY\"><u>Article 12<\/u><\/p>\n<p align=\"JUSTIFY\">Les lecteurs sont pri\u00e9s de prendre le plus grand soin des livres qui leur sont confi\u00e9s, comme ceux qu\u2019ils consultent sur place. Ils ne peuvent y porter aucune annotation et sont pri\u00e9s d\u2019utiliser un signet pour marquer leur page plut\u00f4t que de laisser l\u2019ouvrage ouvert sur une table. Il est interdit de r\u00e9parer soi-m\u00eame un livre que vous abimeriez. Tout livre d\u00e9t\u00e9rior\u00e9 ou perdu est remplac\u00e9 aux frais du lecteur et au prix du jour.<\/p>\n<p class=\"western\" align=\"JUSTIFY\"><u>Article 13<\/u><\/p>\n<p align=\"JUSTIFY\">Il est interdit de manger, de boire et de fumer dans la biblioth\u00e8que.<\/p>\n<p align=\"JUSTIFY\">L\u2019usage du t\u00e9l\u00e9phone portable est autoris\u00e9 mais ne doit en aucun cas d\u00e9ranger les autres lecteurs.<\/p>\n<p align=\"JUSTIFY\">Les animaux de petite taille sont tol\u00e9r\u00e9s mais restent sous l\u2019enti\u00e8re responsabilit\u00e9 de leur propri\u00e9taire.<\/p>\n<p class=\"western\" align=\"JUSTIFY\"><u>Article 14<\/u><\/p>\n<p align=\"JUSTIFY\">Deux postes de consultation informatique pour les lecteurs sont disponibles \u00e0 l\u2019entr\u00e9e de la section jeunesse et en salle Claire Ceuppens. Les autres postes sont exclusivement r\u00e9serv\u00e9s aux besoins internes de la biblioth\u00e8que.<\/p>\n<p class=\"western\" align=\"JUSTIFY\"><u>Article 15<\/u><\/p>\n<p>Tout lecteur qui change d\u2019adresse postale est tenu d\u2019en avertir la biblioth\u00e8que.<\/p>\n<p class=\"western\" align=\"JUSTIFY\"><u>Article 15bis<\/u><\/p>\n<p>Chaque lecteur dispose du droit d&rsquo;acc\u00e8s, de v\u00e9rification, de rectification, de retrait de ses donn\u00e9es et de d\u00e9poser si besoin r\u00e9clamation \u00e0 l&rsquo;Autorit\u00e9 de protection des donn\u00e9es.<br \/>\nLe traitement digital de ses donn\u00e9es a pour objet la gestion des pr\u00eats d&rsquo;ouvrages et la diffusion d&rsquo;une lettre d&rsquo;information par courriel de la biblioth\u00e8que.<br \/>\nToute demande \u00e0 ce sujet peut \u00eatre adress\u00e9e au biblioth\u00e9caire responsable qui lui donnera suite.<\/p>\n<p class=\"western\" align=\"JUSTIFY\"><u>Article 16<\/u><\/p>\n<p align=\"JUSTIFY\">En dehors des heures d\u2019ouverture, les livres peuvent \u00eatre d\u00e9pos\u00e9s dans la\u00a0<i>bo\u00eete \u00e0 livres<\/i>\u00a0\u00e0 l\u2019ext\u00e9rieur, \u00e0 droite de la porte d\u2019entr\u00e9e. Cette bo\u00eete est relev\u00e9e r\u00e9guli\u00e8rement.<\/p>\n<p class=\"western\" align=\"JUSTIFY\"><u>Article 17<\/u><\/p>\n<p>L\u2019inscription \u00e0 la biblioth\u00e8que implique l\u2019acceptation pleine et enti\u00e8re du pr\u00e9sent r\u00e8glement dont un exemplaire est remis \u00e0 chaque lecteur. Ce r\u00e8glement est \u00e9galement affich\u00e9 au comptoir de pr\u00eat.<\/p>\n<div id=\"ConnectiveDocSignExtentionInstalled\" data-extension-version=\"1.0.4\"><\/div>\n<p>[\/vc_column_text][\/vc_column][\/vc_row][vc_row][vc_column][vc_column_text]<\/p>\n<div id=\"ConnectiveDocSignExtentionInstalled\" data-extension-version=\"1.0.4\"><\/div>\n<p>[\/vc_column_text][\/vc_column][\/vc_row]<\/p>\n<\/div>","protected":false},"excerpt":{"rendered":"<p>[vc_row][vc_column][vc_custom_heading text=\u00a0\u00bbACC\u00c8S ET INSCRIPTION\u00a0\u00bb css=\u00a0\u00bb\u00a0\u00bb][vc_column_text css=\u00a0\u00bb\u00a0\u00bb] Article 1 La Biblioth\u00e8que Charles Bertin est ouverte \u00e0 tous. Article 2 L\u2019inscription obligatoire..<\/p>\n","protected":false},"author":1,"featured_media":0,"parent":0,"menu_order":0,"comment_status":"closed","ping_status":"closed","template":"","meta":{"footnotes":""},"class_list":["post-14","page","type-page","status-publish","hentry"],"_links":{"self":[{"href":"https:\/\/www.bibliocharlesbertin.be\/index.php\/wp-json\/wp\/v2\/pages\/14","targetHints":{"allow":["GET"]}}],"collection":[{"href":"https:\/\/www.bibliocharlesbertin.be\/index.php\/wp-json\/wp\/v2\/pages"}],"about":[{"href":"https:\/\/www.bibliocharlesbertin.be\/index.php\/wp-json\/wp\/v2\/types\/page"}],"author":[{"embeddable":true,"href":"https:\/\/www.bibliocharlesbertin.be\/index.php\/wp-json\/wp\/v2\/users\/1"}],"replies":[{"embeddable":true,"href":"https:\/\/www.bibliocharlesbertin.be\/index.php\/wp-json\/wp\/v2\/comments?post=14"}],"version-history":[{"count":9,"href":"https:\/\/www.bibliocharlesbertin.be\/index.php\/wp-json\/wp\/v2\/pages\/14\/revisions"}],"predecessor-version":[{"id":1714,"href":"https:\/\/www.bibliocharlesbertin.be\/index.php\/wp-json\/wp\/v2\/pages\/14\/revisions\/1714"}],"wp:attachment":[{"href":"https:\/\/www.bibliocharlesbertin.be\/index.php\/wp-json\/wp\/v2\/media?parent=14"}],"curies":[{"name":"wp","href":"https:\/\/api.w.org\/{rel}","templated":true}]}}