{"id":18,"date":"2025-03-07T15:51:25","date_gmt":"2025-03-07T14:51:25","guid":{"rendered":"https:\/\/www.bibliocharlesbertin.be\/?page_id=18"},"modified":"2025-03-12T18:41:09","modified_gmt":"2025-03-12T17:41:09","slug":"sections","status":"publish","type":"page","link":"https:\/\/www.bibliocharlesbertin.be\/index.php\/sections\/","title":{"rendered":"Sections"},"content":{"rendered":"<div class=\"wpb-content-wrapper\"><p>[vc_row][vc_column][vc_custom_heading text=\u00a0\u00bbPr\u00e9sentation des sections\u00a0\u00bb css=\u00a0\u00bb\u00a0\u00bb][\/vc_column][\/vc_row][vc_row][vc_column width=\u00a0\u00bb2\/3&Prime;][vc_column_text css=\u00a0\u00bb\u00a0\u00bb]La biblioth\u00e8que contient des ouvrages r\u00e9dig\u00e9s ou traduits en fran\u00e7ais, un peu moins de 25 000 titres, en deux sections :<\/p>\n<ul>\n<li><strong>Section adultes (16 000 titres)<\/strong><\/li>\n<li><strong>Section jeunesse (8 000 titres)<\/strong><\/li>\n<\/ul>\n<p>Les heures d&rsquo;ouverture sont\u00a0identiques.<\/p>\n<p>Vous avez \u00e0 votre disposition un\u00a0ordinateur pour interroger l&rsquo;ensemble du catalogue, la recherche est compl\u00e8tement int\u00e9gr\u00e9e et peut \u00eatre effectu\u00e9e sur tous les champs de la notice, m\u00eame par terme de recherche. Vous pouvez \u00e9galement\u00a0compl\u00e9ter\u00a0ou d\u00e9marrer votre recherche \u00e0 partir de votre domicile, une fois connect\u00e9 au\u00a0<a href=\"https:\/\/pmb.charlesbertin.be\/opac_css\/index.php\" target=\"_blank\" rel=\"noopener noreferrer\">portail web<\/a>.<\/p>\n<p>&nbsp;<\/p>\n<p>Le\u00a0<a href=\"https:\/\/pmb.charlesbertin.be\/opac_css\/index.php\" target=\"_blank\" rel=\"noopener noreferrer\">portail web<\/a>\u00a0vous accorde aussi la possibilit\u00e9 de r\u00e9server des documents, d&rsquo;ajouter des titres dans votre panier pour plus tard et m\u00eame de\u00a0sugg\u00e9rer\u00a0des acquisitions.<\/p>\n<p>L&rsquo;espace Claire Ceuppens offre un espace de consultation et de lecture, voire d&rsquo;\u00e9tude pour les \u00e9tudiants.[\/vc_column_text][\/vc_column][vc_column width=\u00a0\u00bb1\/3&Prime;][vc_single_image image=\u00a0\u00bb1348&Prime; img_size=\u00a0\u00bbfull\u00a0\u00bb alignment=\u00a0\u00bbcenter\u00a0\u00bb css=\u00a0\u00bb.vc_custom_1741801264776{margin-top: 50px !important;}\u00a0\u00bb][\/vc_column][\/vc_row]<\/p>\n<\/div>","protected":false},"excerpt":{"rendered":"<p>[vc_row][vc_column][vc_custom_heading text=\u00a0\u00bbPr\u00e9sentation des sections\u00a0\u00bb css=\u00a0\u00bb\u00a0\u00bb][\/vc_column][\/vc_row][vc_row][vc_column width=\u00a0\u00bb2\/3&Prime;][vc_column_text css=\u00a0\u00bb\u00a0\u00bb]La biblioth\u00e8que contient des ouvrages r\u00e9dig\u00e9s ou traduits en fran\u00e7ais, un peu moins de..<\/p>\n","protected":false},"author":1,"featured_media":0,"parent":0,"menu_order":0,"comment_status":"closed","ping_status":"closed","template":"","meta":{"footnotes":""},"class_list":["post-18","page","type-page","status-publish","hentry"],"_links":{"self":[{"href":"https:\/\/www.bibliocharlesbertin.be\/index.php\/wp-json\/wp\/v2\/pages\/18","targetHints":{"allow":["GET"]}}],"collection":[{"href":"https:\/\/www.bibliocharlesbertin.be\/index.php\/wp-json\/wp\/v2\/pages"}],"about":[{"href":"https:\/\/www.bibliocharlesbertin.be\/index.php\/wp-json\/wp\/v2\/types\/page"}],"author":[{"embeddable":true,"href":"https:\/\/www.bibliocharlesbertin.be\/index.php\/wp-json\/wp\/v2\/users\/1"}],"replies":[{"embeddable":true,"href":"https:\/\/www.bibliocharlesbertin.be\/index.php\/wp-json\/wp\/v2\/comments?post=18"}],"version-history":[{"count":5,"href":"https:\/\/www.bibliocharlesbertin.be\/index.php\/wp-json\/wp\/v2\/pages\/18\/revisions"}],"predecessor-version":[{"id":1351,"href":"https:\/\/www.bibliocharlesbertin.be\/index.php\/wp-json\/wp\/v2\/pages\/18\/revisions\/1351"}],"wp:attachment":[{"href":"https:\/\/www.bibliocharlesbertin.be\/index.php\/wp-json\/wp\/v2\/media?parent=18"}],"curies":[{"name":"wp","href":"https:\/\/api.w.org\/{rel}","templated":true}]}}