{"id":8,"date":"2025-03-07T15:48:39","date_gmt":"2025-03-07T14:48:39","guid":{"rendered":"https:\/\/www.bibliocharlesbertin.be\/?page_id=8"},"modified":"2025-03-13T17:52:08","modified_gmt":"2025-03-13T16:52:08","slug":"mission-et-vision","status":"publish","type":"page","link":"https:\/\/www.bibliocharlesbertin.be\/index.php\/mission-et-vision\/","title":{"rendered":"Mission et Vision"},"content":{"rendered":"<div class=\"wpb-content-wrapper\"><p>[vc_row][vc_column][vc_column_text css=\u00a0\u00bb.vc_custom_1741884587529{margin-top: -30px !important;}\u00a0\u00bb]<\/p>\n<h3><strong>La culture \u00e0 Rhode-Saint-Gen\u00e8se : mission et vision<\/strong><\/h3>\n<p>La Biblioth\u00e8que Charles Bertin, tout comme l\u2019Association culturelle de Rhode, est n\u00e9e d\u2019une volont\u00e9, celle de Charles Bertin, \u00e9crivain, homme de lettre, habitant de Rhode- Saint- Gen\u00e8se, d\u00e9sireux de mettre sur pied un centre d\u2019activit\u00e9s culturelles dans la Commune. Ces activit\u00e9s ont \u00e9t\u00e9 \u00e0 ce jour orient\u00e9es vers la culture fran\u00e7aise et la population francophone de la commune. Structurellement unies \u00e0 l\u2019origine, les deux activit\u00e9s sont aujourd\u2019hui organis\u00e9es par deux ASBL s\u00e9par\u00e9es.<\/p>\n<p align=\"JUSTIFY\">Les deux associations, sous l\u2019impulsion de leur conseil d\u2019administration et la direction de leur pr\u00e9sident respectifs, ont la volont\u00e9 de cr\u00e9er \u00e0 Rhode-Saint-Gen\u00e8se un p\u00f4le culturel complet dont l\u2019offre de services r\u00e9sultera de leurs activit\u00e9s rassembl\u00e9es. Chaque association ayant ses statuts et organes propres, il convient d\u2019\u00e9tablir d\u2019abord une d\u00e9termination de leurs missions. Il revient \u00e0 chaque association de d\u00e9terminer alors ses activit\u00e9s.<\/p>\n<p align=\"JUSTIFY\">Pour ce qui concerne la Biblioth\u00e8que Charles Bertin cette note a \u00e9t\u00e9 \u00e9tablie apr\u00e8s une large consultation de tous les int\u00e9ress\u00e9s : b\u00e9n\u00e9voles, membres de la Commission achat, administrateurs, amis, ainsi que notre biblioth\u00e9caire et notre secr\u00e9taire.<\/p>\n<p align=\"JUSTIFY\">Le document donne en respectant un mod\u00e8le traditionnel, en premier lieu les missions, soit les activit\u00e9s de r\u00e9f\u00e9rence de l\u2019association et en second lieu, la vision, soit la mani\u00e8re dont ces missions seront exerc\u00e9es. Il conclut en donnant des actions \u00e0 mener.<\/p>\n<p>[\/vc_column_text][\/vc_column][\/vc_row][vc_row][vc_column][vc_column_text css=\u00a0\u00bb\u00a0\u00bb]<\/p>\n<h4 align=\"JUSTIFY\"><strong>I. LES MISSIONS<\/strong><\/h4>\n<p align=\"JUSTIFY\">LA BIBLIOTHEQUE CHARLES BERTIN,<\/p>\n<p align=\"JUSTIFY\">Se donne pour mission de\u00a0:<\/p>\n<p align=\"JUSTIFY\">Statutairement, de promouvoir la d\u00e9fense et l\u2019illustration du patrimoine litt\u00e9raire et culturel de l\u2019humanit\u00e9, et en particulier de la civilisation fran\u00e7aise.<\/p>\n<p align=\"JUSTIFY\">Veiller \u00e0 d\u00e9velopper ses missions de biblioth\u00e8que en mettant notamment \u00e0 disposition du public des livres et documents, ainsi que tous autres moyens de de communication culturelle.<\/p>\n<p align=\"JUSTIFY\">Garantir la participation de toutes tendances philosophiques et politiques de l\u2019environnement culturel.<\/p>\n<p align=\"JUSTIFY\">Accomplir tous les actes juridiques n\u00e9cessaires ou utiles \u00e0 la r\u00e9alisation de cet objet social.<\/p>\n<p align=\"JUSTIFY\">A titre principal, elle assure le pr\u00eat d\u2019ouvrages de qualit\u00e9 et en m\u00eame temps fait de la biblioth\u00e8que un lieu de vie par des animations r\u00e9guli\u00e8res vers tous nos publics. Voir la liste d\u2019activit\u00e9s jointe.<\/p>\n<p>[\/vc_column_text][\/vc_column][\/vc_row][vc_row][vc_column][vc_column_text css=\u00a0\u00bb\u00a0\u00bb]<\/p>\n<h4><strong>II. LA VISION<\/strong><\/h4>\n<p><u>Perspective A :\u00a0<\/u><i><u><b>le p\u00f4le culturel \u00e0 Rhode<\/b><\/u><\/i><\/p>\n<p>Le besoin identifi\u00e9 est celui de la cr\u00e9ation d\u2019un p\u00f4le culturel.<\/p>\n<p align=\"JUSTIFY\">Au-del\u00e0 des collaborations de nature technique, financi\u00e8re ou autres d\u00e9j\u00e0 mises en \u0153uvre, cette vision, \u00e9tablie par chaque organisation pour ses propres missions, est appel\u00e9e \u00e0 se transformer en vision commune.<\/p>\n<p><u>Perspective B\u00a0: besoin de plus de\u00a0<\/u><i><u><b>visibilit\u00e9, attirer du monde.<\/b><\/u><\/i><\/p>\n<p>Mettre \u00e0 jour en permanence nos activit\u00e9s et s\u2019assurer qu\u2019elles r\u00e9pondent \u00e0 un besoin.<\/p>\n<p align=\"JUSTIFY\">Priorit\u00e9 \u00e0 des animations nous amenant un nouveau public\u00a0; de nouveaux lecteurs en vue du d\u00e9ploiement.<\/p>\n<p>Une plus grande reconnaissance de la commune sera appr\u00e9ci\u00e9e, par exemple par tout soutien dans ses possibilit\u00e9s.<\/p>\n<p align=\"JUSTIFY\"><i>LES D\u00c9TERMINANTS DE NOTRE ACTION.<\/i><\/p>\n<p align=\"JUSTIFY\">1. Une vision interg\u00e9n\u00e9rationnelle.<\/p>\n<p align=\"JUSTIFY\">L&rsquo;interg\u00e9n\u00e9rationnel n&rsquo;est pas une id\u00e9e neuve. Depuis deux d\u00e9cennies \u00e0 pr\u00e9sent, elle est r\u00e9guli\u00e8rement \u00e9voqu\u00e9e dans les milieux culturels, sociaux et m\u00eame politiques. Toutefois, il manque r\u00e9guli\u00e8rement d&rsquo;\u00e9v\u00e9nements concrets et d&rsquo;actions autres que symboliques. L&rsquo;AC et la BCB<a class=\"sdfootnoteanc\" href=\"#sdfootnote1sym\" name=\"sdfootnote1anc\"><sup>1<\/sup><\/a>\u00a0pr\u00e9voient d&rsquo;accro\u00eetre cette vision dans un futur proche et de favoriser les \u00e9changes entre les g\u00e9n\u00e9rations d&rsquo;un point de vue culturel.<\/p>\n<p align=\"JUSTIFY\">2. Une vision intercommunautaire.<\/p>\n<p align=\"JUSTIFY\">Le p\u00f4le culturel est ouvert \u00e0 toutes les cultures. Aujourd\u2019hui, dans la p\u00e9riph\u00e9rie, nous percevons un changement de ton. L\u2019heure n\u2019est plus \u00e0 un conflit linguistique entre le fran\u00e7ais et le n\u00e9erlandais, mais \u00e0 une convergence de diff\u00e9rentes langues et des cultures pr\u00e9sentes dans le \u00ab\u00a0Rand\u00a0\u00bb. A c\u00f4t\u00e9 des langues officielles belges, d\u2019autres langues sont pr\u00e9sentes, d\u2019autres cultures existent. Une association \u00e0 vocation culturelle ne peut ignorer ce ph\u00e9nom\u00e8ne et se doit donc de pratiquer une ouverture large. Au-del\u00e0 des discours et r\u00e8gles de droit qui r\u00e9gissent la soci\u00e9t\u00e9, le r\u00f4le d\u2019un groupement culturel est de rassembler en d\u00e9passant les susceptibilit\u00e9s et les inimiti\u00e9s anciennes, et d&rsquo;\u00eatre r\u00e9solument en phase avec son temps, dans un esprit ouvert et convivial, sans ambition autre que culturelle.<\/p>\n<p align=\"JUSTIFY\">3. La collaboration avec les initiatives culturelles.<\/p>\n<p align=\"JUSTIFY\">La mise en place de rencontres avec les associations \u00e0 vocation culturelle existe sur l&rsquo;entit\u00e9 et s&rsquo;est d\u00e9j\u00e0 manifest\u00e9e \u00e0 plusieurs reprises, de mani\u00e8re informelle pour l&rsquo;instant. La BCB a pris l\u2019initiative de les rassembler et de relancer cette rencontre, annuellement, avec les partenaires culturels le souhaitant.<\/p>\n<p align=\"JUSTIFY\">Les autorit\u00e9s communales pourraient y participer.<\/p>\n<p align=\"JUSTIFY\">4. La collaboration avec les autres activit\u00e9s associatives.<\/p>\n<p align=\"JUSTIFY\">De m\u00eame, nous sommes preneurs d\u2019une meilleure approche entre tous les groupements Rhodiens, dont l\u2019activit\u00e9 est autre que culturelle. Tous contribuent \u00e0 l\u2019animation dans la commune et sont sans doute d\u00e9sireux de se rencontrer.<\/p>\n<p align=\"JUSTIFY\"><i>LES OBJECTIFS DE NOS ACTIONS<\/i><\/p>\n<p align=\"JUSTIFY\">5. Le souci de l\u2019avenir et l&rsquo;apprentissage de la lecture.<\/p>\n<p align=\"JUSTIFY\">La Belgique (notamment les jeunes francophones) est mauvaise en lecture<a class=\"sdfootnoteanc\" href=\"#sdfootnote2sym\" name=\"sdfootnote2anc\"><sup>2<\/sup><\/a>, et ces chiffres sont en baisse depuis 2011 en plus. Or, nous savons qu&rsquo;un enfant qui lit deviendra un adulte qui pense. La d\u00e9mocratie et les g\u00e9n\u00e9rations futures ont besoin de lecture. La BCB a \u00e9videmment toute sa place dans le paysage francophone rhodien pour permettre l&rsquo;apprentissage de la lecture et pour donner l&rsquo;envie de lire, d&rsquo;aimer la lecture.<\/p>\n<p align=\"JUSTIFY\">6. Apprentissage du sens critique.<\/p>\n<p align=\"JUSTIFY\">Dans le prolongement du point pr\u00e9c\u00e9dent, le sens critique est un apprentissage qui se r\u00e9alise au fil des ann\u00e9es de la vie de chaque individu. A ce titre, permettre aux citoyens d&rsquo;apprendre, au moyen d&rsquo;outils et d&rsquo;actions culturelles est une priorit\u00e9 en plus de l&rsquo;enseignement, au sens strict du terme.<\/p>\n<p align=\"JUSTIFY\">7. Diffusion des \u0153uvres.<\/p>\n<p align=\"JUSTIFY\">Quelles soient architecturales, artistiques, radiophoniques ou imprim\u00e9es, les manifestations de la culture francophone font partie du patrimoine belge et mondial, qu&rsquo;on le veuille ou non. A ce titre, elle se doit d&rsquo;\u00eatre promue, archiv\u00e9e et ou diffus\u00e9e \u00e0 quiconque le souhaiterait.<\/p>\n<p align=\"JUSTIFY\">8. L\u2019ouverture \u00e0 tous les moyens de communication.<\/p>\n<p align=\"JUSTIFY\">Au XXIe si\u00e8cle, celui qui ignorerait l&rsquo;usage d&rsquo;Internet serait comme un moine copiste refusant l&rsquo;imprimerie. Le monde a chang\u00e9. La BCB partage le souhait de voir Rhode-Saint-Gen\u00e8se en phase avec son temps, pr\u00eate \u00e0 permettre aux enfants, aux s\u00e9niors, de ne pas se retrouver en marge de la soci\u00e9t\u00e9 actuelle.<\/p>\n<p>[\/vc_column_text][\/vc_column][\/vc_row][vc_row][vc_column][vc_column_text css=\u00a0\u00bb\u00a0\u00bb]<\/p>\n<p align=\"JUSTIFY\">A ces fins nous m\u00e8nerons diverses actions attractives, visibles et bien entendu culturelles. Elles sont d\u00e9taill\u00e9es sur ce site.<\/p>\n<p>[\/vc_column_text][\/vc_column][\/vc_row][vc_row][vc_column][vc_column_text css=\u00a0\u00bb\u00a0\u00bb]<\/p>\n<div id=\"sdfootnote1\">\n<h4><strong>III. LES ACTIONS<\/strong><\/h4>\n<p class=\"sdfootnote\"><a class=\"sdfootnotesym\" href=\"#sdfootnote1anc\" name=\"sdfootnote1sym\">1<\/a>AC\u00a0: Association culturelle et BCB\u00a0: Biblioth\u00e8que Charles Bertin<\/p>\n<\/div>\n<div id=\"sdfootnote2\">\n<p class=\"sdfootnote\"><a href=\"http:\/\/www.lalibre.be\/actu\/belgique\/le-niveau-de-lecture-des-jeunes-belges-francophones-est-le-plus-mediocre-de-l-ue-5a26646ecd7095d1cd424558\">http:\/\/www.lalibre.be\/actu\/belgique\/le-niveau-de-lecture-des-jeunes-belges-francophones-est-le-plus-mediocre-de-l-ue-5a26646ecd7095d1cd424558<\/a>\u00a0, consult\u00e9 le 01\/06\/2018<\/p>\n<\/div>\n<p>[\/vc_column_text][\/vc_column][\/vc_row]<\/p>\n<\/div>","protected":false},"excerpt":{"rendered":"<p>[vc_row][vc_column][vc_column_text css=\u00a0\u00bb.vc_custom_1741884587529{margin-top: -30px !important;}\u00a0\u00bb] La culture \u00e0 Rhode-Saint-Gen\u00e8se : mission et vision La Biblioth\u00e8que Charles Bertin, tout comme l\u2019Association culturelle..<\/p>\n","protected":false},"author":1,"featured_media":0,"parent":0,"menu_order":0,"comment_status":"closed","ping_status":"closed","template":"","meta":{"footnotes":""},"class_list":["post-8","page","type-page","status-publish","hentry"],"_links":{"self":[{"href":"https:\/\/www.bibliocharlesbertin.be\/index.php\/wp-json\/wp\/v2\/pages\/8","targetHints":{"allow":["GET"]}}],"collection":[{"href":"https:\/\/www.bibliocharlesbertin.be\/index.php\/wp-json\/wp\/v2\/pages"}],"about":[{"href":"https:\/\/www.bibliocharlesbertin.be\/index.php\/wp-json\/wp\/v2\/types\/page"}],"author":[{"embeddable":true,"href":"https:\/\/www.bibliocharlesbertin.be\/index.php\/wp-json\/wp\/v2\/users\/1"}],"replies":[{"embeddable":true,"href":"https:\/\/www.bibliocharlesbertin.be\/index.php\/wp-json\/wp\/v2\/comments?post=8"}],"version-history":[{"count":7,"href":"https:\/\/www.bibliocharlesbertin.be\/index.php\/wp-json\/wp\/v2\/pages\/8\/revisions"}],"predecessor-version":[{"id":1413,"href":"https:\/\/www.bibliocharlesbertin.be\/index.php\/wp-json\/wp\/v2\/pages\/8\/revisions\/1413"}],"wp:attachment":[{"href":"https:\/\/www.bibliocharlesbertin.be\/index.php\/wp-json\/wp\/v2\/media?parent=8"}],"curies":[{"name":"wp","href":"https:\/\/api.w.org\/{rel}","templated":true}]}}

<div class="wpb-content-wrapper"><p>[vc_row][vc_column][vc_column_text css= ».vc_custom_1741884587529{margin-top: -30px !important;} »]</p>
<h3><strong>La culture à Rhode-Saint-Genèse : mission et vision</strong></h3>
<p>La Bibliothèque Charles Bertin, tout comme l’Association culturelle de Rhode, est née d’une volonté, celle de Charles Bertin, écrivain, homme de lettre, habitant de Rhode- Saint- Genèse, désireux de mettre sur pied un centre d’activités culturelles dans la Commune. Ces activités ont été à ce jour orientées vers la culture française et la population francophone de la commune. Structurellement unies à l’origine, les deux activités sont aujourd’hui organisées par deux ASBL séparées.</p>
<p align="JUSTIFY">Les deux associations, sous l’impulsion de leur conseil d’administration et la direction de leur président respectifs, ont la volonté de créer à Rhode-Saint-Genèse un pôle culturel complet dont l’offre de services résultera de leurs activités rassemblées. Chaque association ayant ses statuts et organes propres, il convient d’établir d’abord une détermination de leurs missions. Il revient à chaque association de déterminer alors ses activités.</p>
<p align="JUSTIFY">Pour ce qui concerne la Bibliothèque Charles Bertin cette note a été établie après une large consultation de tous les intéressés : bénévoles, membres de la Commission achat, administrateurs, amis, ainsi que notre bibliothécaire et notre secrétaire.</p>
<p align="JUSTIFY">Le document donne en respectant un modèle traditionnel, en premier lieu les missions, soit les activités de référence de l’association et en second lieu, la vision, soit la manière dont ces missions seront exercées. Il conclut en donnant des actions à mener.</p>
<p>[/vc_column_text][/vc_column][/vc_row][vc_row][vc_column][vc_column_text css= » »]</p>
<h4 align="JUSTIFY"><strong>I. LES MISSIONS</strong></h4>
<p align="JUSTIFY">LA BIBLIOTHEQUE CHARLES BERTIN,</p>
<p align="JUSTIFY">Se donne pour mission de :</p>
<p align="JUSTIFY">Statutairement, de promouvoir la défense et l’illustration du patrimoine littéraire et culturel de l’humanité, et en particulier de la civilisation française.</p>
<p align="JUSTIFY">Veiller à développer ses missions de bibliothèque en mettant notamment à disposition du public des livres et documents, ainsi que tous autres moyens de de communication culturelle.</p>
<p align="JUSTIFY">Garantir la participation de toutes tendances philosophiques et politiques de l’environnement culturel.</p>
<p align="JUSTIFY">Accomplir tous les actes juridiques nécessaires ou utiles à la réalisation de cet objet social.</p>
<p align="JUSTIFY">A titre principal, elle assure le prêt d’ouvrages de qualité et en même temps fait de la bibliothèque un lieu de vie par des animations régulières vers tous nos publics. Voir la liste d’activités jointe.</p>
<p>[/vc_column_text][/vc_column][/vc_row][vc_row][vc_column][vc_column_text css= » »]</p>
<h4><strong>II. LA VISION</strong></h4>
<p><u>Perspective A : </u><i><u><b>le pôle culturel à Rhode</b></u></i></p>
<p>Le besoin identifié est celui de la création d’un pôle culturel.</p>
<p align="JUSTIFY">Au-delà des collaborations de nature technique, financière ou autres déjà mises en œuvre, cette vision, établie par chaque organisation pour ses propres missions, est appelée à se transformer en vision commune.</p>
<p><u>Perspective B : besoin de plus de </u><i><u><b>visibilité, attirer du monde.</b></u></i></p>
<p>Mettre à jour en permanence nos activités et s’assurer qu’elles répondent à un besoin.</p>
<p align="JUSTIFY">Priorité à des animations nous amenant un nouveau public ; de nouveaux lecteurs en vue du déploiement.</p>
<p>Une plus grande reconnaissance de la commune sera appréciée, par exemple par tout soutien dans ses possibilités.</p>
<p align="JUSTIFY"><i>LES DÉTERMINANTS DE NOTRE ACTION.</i></p>
<p align="JUSTIFY">1. Une vision intergénérationnelle.</p>
<p align="JUSTIFY">L&rsquo;intergénérationnel n&rsquo;est pas une idée neuve. Depuis deux décennies à présent, elle est régulièrement évoquée dans les milieux culturels, sociaux et même politiques. Toutefois, il manque régulièrement d&rsquo;événements concrets et d&rsquo;actions autres que symboliques. L&rsquo;AC et la BCB<a class="sdfootnoteanc" href="#sdfootnote1sym" name="sdfootnote1anc"><sup>1</sup></a> prévoient d&rsquo;accroître cette vision dans un futur proche et de favoriser les échanges entre les générations d&rsquo;un point de vue culturel.</p>
<p align="JUSTIFY">2. Une vision intercommunautaire.</p>
<p align="JUSTIFY">Le pôle culturel est ouvert à toutes les cultures. Aujourd’hui, dans la périphérie, nous percevons un changement de ton. L’heure n’est plus à un conflit linguistique entre le français et le néerlandais, mais à une convergence de différentes langues et des cultures présentes dans le « Rand ». A côté des langues officielles belges, d’autres langues sont présentes, d’autres cultures existent. Une association à vocation culturelle ne peut ignorer ce phénomène et se doit donc de pratiquer une ouverture large. Au-delà des discours et règles de droit qui régissent la société, le rôle d’un groupement culturel est de rassembler en dépassant les susceptibilités et les inimitiés anciennes, et d&rsquo;être résolument en phase avec son temps, dans un esprit ouvert et convivial, sans ambition autre que culturelle.</p>
<p align="JUSTIFY">3. La collaboration avec les initiatives culturelles.</p>
<p align="JUSTIFY">La mise en place de rencontres avec les associations à vocation culturelle existe sur l&rsquo;entité et s&rsquo;est déjà manifestée à plusieurs reprises, de manière informelle pour l&rsquo;instant. La BCB a pris l’initiative de les rassembler et de relancer cette rencontre, annuellement, avec les partenaires culturels le souhaitant.</p>
<p align="JUSTIFY">Les autorités communales pourraient y participer.</p>
<p align="JUSTIFY">4. La collaboration avec les autres activités associatives.</p>
<p align="JUSTIFY">De même, nous sommes preneurs d’une meilleure approche entre tous les groupements Rhodiens, dont l’activité est autre que culturelle. Tous contribuent à l’animation dans la commune et sont sans doute désireux de se rencontrer.</p>
<p align="JUSTIFY"><i>LES OBJECTIFS DE NOS ACTIONS</i></p>
<p align="JUSTIFY">5. Le souci de l’avenir et l&rsquo;apprentissage de la lecture.</p>
<p align="JUSTIFY">La Belgique (notamment les jeunes francophones) est mauvaise en lecture<a class="sdfootnoteanc" href="#sdfootnote2sym" name="sdfootnote2anc"><sup>2</sup></a>, et ces chiffres sont en baisse depuis 2011 en plus. Or, nous savons qu&rsquo;un enfant qui lit deviendra un adulte qui pense. La démocratie et les générations futures ont besoin de lecture. La BCB a évidemment toute sa place dans le paysage francophone rhodien pour permettre l&rsquo;apprentissage de la lecture et pour donner l&rsquo;envie de lire, d&rsquo;aimer la lecture.</p>
<p align="JUSTIFY">6. Apprentissage du sens critique.</p>
<p align="JUSTIFY">Dans le prolongement du point précédent, le sens critique est un apprentissage qui se réalise au fil des années de la vie de chaque individu. A ce titre, permettre aux citoyens d&rsquo;apprendre, au moyen d&rsquo;outils et d&rsquo;actions culturelles est une priorité en plus de l&rsquo;enseignement, au sens strict du terme.</p>
<p align="JUSTIFY">7. Diffusion des œuvres.</p>
<p align="JUSTIFY">Quelles soient architecturales, artistiques, radiophoniques ou imprimées, les manifestations de la culture francophone font partie du patrimoine belge et mondial, qu&rsquo;on le veuille ou non. A ce titre, elle se doit d&rsquo;être promue, archivée et ou diffusée à quiconque le souhaiterait.</p>
<p align="JUSTIFY">8. L’ouverture à tous les moyens de communication.</p>
<p align="JUSTIFY">Au XXIe siècle, celui qui ignorerait l&rsquo;usage d&rsquo;Internet serait comme un moine copiste refusant l&rsquo;imprimerie. Le monde a changé. La BCB partage le souhait de voir Rhode-Saint-Genèse en phase avec son temps, prête à permettre aux enfants, aux séniors, de ne pas se retrouver en marge de la société actuelle.</p>
<p>[/vc_column_text][/vc_column][/vc_row][vc_row][vc_column][vc_column_text css= » »]</p>
<p align="JUSTIFY">A ces fins nous mènerons diverses actions attractives, visibles et bien entendu culturelles. Elles sont détaillées sur ce site.</p>
<p>[/vc_column_text][/vc_column][/vc_row][vc_row][vc_column][vc_column_text css= » »]</p>
<div id="sdfootnote1">
<h4><strong>III. LES ACTIONS</strong></h4>
<p class="sdfootnote"><a class="sdfootnotesym" href="#sdfootnote1anc" name="sdfootnote1sym">1</a>AC : Association culturelle et BCB : Bibliothèque Charles Bertin</p>
</div>
<div id="sdfootnote2">
<p class="sdfootnote"><a href="http://www.lalibre.be/actu/belgique/le-niveau-de-lecture-des-jeunes-belges-francophones-est-le-plus-mediocre-de-l-ue-5a26646ecd7095d1cd424558">http://www.lalibre.be/actu/belgique/le-niveau-de-lecture-des-jeunes-belges-francophones-est-le-plus-mediocre-de-l-ue-5a26646ecd7095d1cd424558</a> , consulté le 01/06/2018</p>
</div>
<p>[/vc_column_text][/vc_column][/vc_row]</p>
</div>

<p>[vc_row][vc_column][vc_column_text css= ».vc_custom_1741884587529{margin-top: -30px !important;} »] La culture à Rhode-Saint-Genèse : mission et vision La Bibliothèque Charles Bertin, tout comme l’Association culturelle..</p>
